= -5*p**2 + 3*p - 5. Let r(w) = -9*w**2 + 6*w - 9. Let b(g) = -4*r(g) + 7*z(g). What is b(4)?
5
Suppose 0 = -2*m + 7*m + 5. Let h(o) = -o**2 + o + 1. Let l(d) = 5*d**3 - 6*d**2 + 4*d + 5. Let r(b) = 6*h(b) - l(b). Calculate r(m).
4
Let j(g) be the second derivative of -g**4/12 - 2*g**3/3 - 3*g**2/2 + 14*g. Calculate j(-2).
1
Let d(v) be the third derivative of 0*v**3 + 1/24*v**4 + 7/720*v**6 + 0*v**5 - v**2 + 0*v + 0. Let u(c) be the second derivative of d(c). Determine u(1).
7
Let t(r) = -3*r**2 + 1 - 2 + r**2 - 6*r. Suppose -2*z = -2*f + 24, 5*z + 20 = -f - 2*f. Let l be 26/z + (-2)/7. What is t(l)?
-9
Let u(v) = -v**2 - 5*v - 3. Suppose 2*f + 6 = 4*f. Let a(t) = 5*t**2 - 4 - t**f + 0 + 0. Let s be a(5). Determine u(s).
1
Let m = -9 + 10. Let l(y) be the third derivative of 0 + 1/6*y**3 + 1/30*y**5 + 0*y - 1/12*y**4 + 2*y**2 + 1/60*y**6. What is l(m)?
3
Suppose -8*c + 2*c = 30. Let v(k) = 2*k**2 + 7*k + 3. Determine v(c).
18
Let b be 3/(-5) - (-6)/(-15). Let i(a) = a + 4. Let u(m) = -1. Let s(k) = b*i(k) + 2*u(k). Give s(-6).
0
Let w(r) = -r**2 + 2*r + 3*r - r. Let o be 38/14 + 1*2/7. Let d be w(o). Let k(b) = -b**3 + 2*b**2 + 2*b - 2. What is k(d)?
-5
Let c(x) = x**2 - x + 1. Let o(t) = 2*t - 3. Let j = 4 + -8. Let h(l) = j*c(l) - o(l). What is h(1)?
-3
Let y(n) = 13*n - 6*n - n. Suppose -9 = -12*b + 3. What is y(b)?
6
Let x be 1 - (0 - -4) - -7. Suppose 0 = 2*b - 3*n - 6, -2*b + n + x = -n. Let p(v) = v - 3. Determine p(b).
-3
Let w(k) = k**2 - k - 2. Let o(b) = -2*b**2 + 8*b - 6. Let v(j) = o(j) + w(j). Let x be 80/14 + 2/7. What is v(x)?
-2
Suppose -10 = -3*p - 2*p. Let a(g) = -15*g**2 + 16*g**2 + 4*g + p*g - g. Calculate a(-6).
6
Let h(y) be the second derivative of y**5/20 - y**4/12 + y**2/2 + 3*y. Let d be h(0). Let x(g) = 2 + 2*g + 3 - 6. Calculate x(d).
1
Let g be ((-20)/6)/((-1)/3). Let u = g - 5. Suppose 0 = 4*j + 4*h + 16, -u*j - 2*h - h - 16 = 0. Let a(x) = -2*x**2 - 2*x + 2. Determine a(j).
-2
Suppose 0*b = -3*b. Let x = b + 0. Let f(m) = -m**3 - 2. Give f(x).
-2
Let u = -95 - -95. Let k(v) = -v**2 + v + 2. Give k(u).
2
Suppose -5 = -4*w + 3. Let c(b) = -2*b + 3. Let v = -3 + 0. Let n(j) = -2*j + 2. Let s(p) = v*c(p) + 4*n(p). Calculate s(w).
-5
Let j(u) = -u**3 + 6*u**2 + 6. Suppose -w + 5*w - 28 = 0. Let d be w + (-3 - (3 - 4)). Suppose 0 = d*t - m - 29, 0 = -2*t + 3*t + m - 7. Determine j(t).
6
Let m(c) be the second derivative of -c**4/12 + c**3 - 3*c**2/2 - 2*c. Let t be (-19)/(-4) + 3/12. What is m(t)?
2
Let g = 40 - 28. Suppose g = -p + 5*p. Let w(h) = -4*h + 0*h**3 - 2 + 3*h - h**p + 1. Determine w(-1).
1
Suppose 5*o - 15 + 0 = 0. Let b(r) = -r**3 + r**2 + 4*r - 1. Calculate b(o).
-7
Let x = 3 + -6. Let m(o) be the third derivative of o**7/2520 - o**6/180 + o**5/30 - 2*o**2. Let f(n) be the third derivative of m(n). What is f(x)?
-10
Let j(g) be the first derivative of -g**5/20 + g**4/4 + 5*g**3/6 + g**2 + 2*g - 3. Let d(u) be the first derivative of j(u). Calculate d(4).
6
Let i(g) = g**3 + 3*g**2 - 5*g - 2. Suppose 4*c + 36 = -4. Let s = 6 + c. Determine i(s).
2
Suppose 0 = -3*h - 0*h + 3. Let n(z) = -2*z**2 + z. Let v be n(h). Let t(o) = 4*o**2 + o + 1. Let d be t(v). Let f(p) = p**2 - 2*p - 3. Give f(d).
5
Let n be 3 + 11*1/(-1). Let t be (-22)/n - 2/(-8). Let c(j) = -t + 5 - 2*j - 3. Calculate c(3).
-7
Let m = 6 + 12. Let s be (-4)/6 - (-120)/m. Let z(f) = -3*f**2 - 4*f - 1. Let d(h) = 8*h**2 + 12*h + 3. Let k(u) = 4*d(u) + 11*z(u). Determine k(s).
-11
Let n = 0 - -2. Suppose 2*v + n = -o, -o = -0*o - 5*v - 5. Let z(q) = -3 - q**2 - q + 1 + 0*q**2. What is z(o)?
-2
Let d(g) = 5*g - 8. Let x(v) = -v + v - 9*v + 15. Let z(h) = -11*d(h) - 6*x(h). Give z(6).
-8
Let b(j) = -j**3 - j**2 + j + 5. Let l be b(0). Let t(x) = x + 2 + l*x - x + x**2. What is t(-4)?
-2
Let i(t) be the second derivative of 0*t**2 + 7/120*t**5 - 1/2*t**3 + 0 + 1/360*t**6 + 0*t**4 + 3*t. Let a(h) be the second derivative of i(h). Determine a(-6).
-6
Let y(r) = r**3 + 4*r**2 + 2*r + 4. Suppose -k + 3*i = 20, 3*i - i - 32 = 2*k. Let o be (-4)/k + (-240)/56. Calculate y(o).
-4
Let s(w) = 12*w**3 - 3*w**2 + 17*w + 20. Let j(o) = 4*o**3 - o**2 + 6*o + 7. Let n(r) = 17*j(r) - 6*s(r). What is n(1)?
-4
Let o(h) be the third derivative of 2*h**2 + 1/120*h**5 + 0 + 1/180*h**6 + 0*h**3 + 0*h + 1/12*h**4. Let p(w) be the second derivative of o(w). Calculate p(1).
5
Suppose -6*n = -2*n + 8. Let y be (-48)/(-4)*n/(-6). Let f(a) = 2*a - 6. Let m(r) = -r + 3. Let s(t) = -6*f(t) - 11*m(t). Calculate s(y).
-1
Let u = -6 - -6. Let w(b) be the second derivative of b**5/120 - b**4/4 + b**3/3 - 4*b. Let m(k) be the second derivative of w(k). What is m(u)?
-6
Let g(j) be the first derivative of 7*j**2/2 + 4*j + 33. Calculate g(-3).
-17
Let y be 5 + (-2)/6*3. Let n be (5/10)/((-2)/8). Let d = y - n. Let i(x) = x**3 - 7*x**2 + 7*x - 7. Calculate i(d).
-1
Let t(i) = i - 4. Let q be t(6). Let f = q + 1. Let d(l) = -f - l - 2 + l**2 + 6. Determine d(1).
1
Suppose 0*n - 5*n - g + 30 = 0, 4*g = -4*n + 24. Let w(s) be the second derivative of -s**4/12 + 5*s**3/6 - s**2/2 - 5*s. Calculate w(n).
-7
Suppose -i + 6 = -4*i. Let g be (-2)/(-2 + (-3)/i). Let k be (-3 - g)*(-18)/(-21). Let x(q) = -q**3 - 5*q**2 + 8*q + 6. What is x(k)?
-6
Let g be (1/(-1))/((-2)/(-10)). Let c be (0/(-1))/(-1 - 1). Let w(l) = 6 + c*l**2 + 6*l + l**2 + 0*l**2. Give w(g).
1
Let q(d) = d**3 + 21*d**2 - 23*d - 17. Let i be q(-22). Let r(b) = b**3 - 4*b**2 - 5*b - 5. Give r(i).
-5
Suppose -12 = c + 5*n, -2*c + 5*n = -7*c. Suppose 12 = c*x - 0. Let q(a) be the second derivative of -a**5/20 + a**4/3 - a**3/6 - a**2/2 + a. Calculate q(x).
-5
Let d(o) = -o**2 - 7*o - 5. Let y(w) = w**2 + 6*w + 4. Let p(j) = 5*d(j) + 6*y(j). Let s(x) = 14*x - 68. Let r be s(5). What is p(r)?
5
Let t(z) = z**2 - 4*z - 3. Let a be t(5). Let x(f) be the second derivative of 2*f - 7/2*f**a - 1/12*f**4 + 1/6*f**3 + 0. Give x(0).
-7
Let j(k) = -k + 1. Let q be j(5). Let v(t) = -7*t - 7*t + 22*t - t**2 - 12*t. Determine v(q).
0
Let m(n) = -n**2 - 5*n + 6. Let h be m(-6). Suppose -2*u + 4 = -h*u. Suppose -y + 3*a - 3 = 2*y, -5*y - 33 = u*a. Let d(o) = -o**2 - 6*o. Give d(y).
5
Let l = 25 - 22. Let t(i) = -3*i**l + i**2 + 0*i**3 + i**3. Calculate t(-1).
3
Suppose -k = 4*b - 6, k = 3*b + 5*k - 11. Let q(o) = o**3 - o**2. Calculate q(b).
0
Let x(z) = z**3 + 4*z**2 - 4. Let m(v) = -v**3 + 6*v**2 - v + 2. Let d be m(6). Calculate x(d).
-4
Let f(s) = 14*s + 11. Let w = 16 - 10. Let b(t) = -9*t + 0*t + 2*t - w. Let g(q) = 11*b(q) + 6*f(q). What is g(-1)?
-7
Let u be (-6)/(-39) - 12/78. Let v(s) = -s**3 + s**2 - s. Determine v(u).
0
Let m(v) be the second derivative of -v**3/3 - v**2/2 + 4*v. Give m(5).
-11
Let z(l) = l**3 - l**2 + 2*l. Suppose -7*n - 4 = -9*n. Determine z(n).
8
Let y = -1 + 1. Suppose -f + y = -2. Let w(o) = o**3 - 3*o**2 - o - 1. Give w(f).
-7
Let t(f) = -3 + 4 - 3*f + 1. Let c be t(-4). Suppose 0 = -2*l + 6*r - r - 16, l + 3*r = c. Let b(u) = -2*u**3 + 2*u**2 + u + 2. Determine b(l).
-4
Let q = 7 + -12. Let y(h) = h**2 + 5*h - 2. Let c be y(q). Let o(m) = 4*m**2 - m + 3. Let v(b) = 9*b**2 - 3*b + 7. Let g(w) = -5*o(w) + 2*v(w). What is g(c)?
-7
Let i(g) = -4*g + 0*g + 1 + 2*g. Suppose -1 = -2*k + 1. What is i(k)?
-1
Let g = 5 + -5. Suppose -2*q + 4*i + 4 = i, i - 2 = g. Let f(a) = a**2 - 4 - a**3 + 4*a**2 + q. What is f(5)?
1
Let r(u) be the second derivative of -u**5/20 + 3*u**4/4 - 7*u**3/6 + u**2/2 + 28*u. Calculate r(8).
9
Suppose -12 = 16*s - 108. Let o(f) = -f + 6. Determine o(s).
0
Let l(s) = s**2 - s - 4. Suppose -g - 5 = n, 0 = -5*n + 2*g - 6 - 5. Calculate l(n).
8
Suppose -15 = 3*c - v, -5*c - 38 = -v - 13. Let u(k) = k + 6. Let y be u(0). Let h(p) = p - 5 + y + 3. Calculate h(c).
-1
Let l(r) = 13*r - 1. Let o = -7 - -6. What is l(o)?
-14
Let v(t) = -2*t + 2. Suppose 0 = -4*l - 4 - 4. Give v(l).
6
Let u(c) = 2*c + 18. Let q = -24 - -12. Let n be u(q). Let v(f) = -f - 3. Determine v(n).
3
Let r(h) = h**3 + 4*h**2 - h - 5. Let l(p) be the third derivative of -p**4/24 + 5*p**3/6 - 2*p**2. Let x be l(9). What is r(x)?
-1
Let a be (-2 + -10)*1/2. Let c(g) = 6 - 2*g**2 + 1 - 5*g + g**2. Let p be c(a). Let x(r) = -2*r + 1. Calculate x(p).
-1
Let s(t) = -t**2 - 388*t + 0*t**2 + 4 + 386*t. Calculate s(-4).
-4
Let q(u) =